{"id":1094,"date":"2022-10-11T16:48:26","date_gmt":"2022-10-11T16:48:26","guid":{"rendered":"http:\/\/chambrealfa.com\/?page_id=1094"},"modified":"2023-06-14T00:00:49","modified_gmt":"2023-06-14T00:00:49","slug":"documentos","status":"publish","type":"page","link":"https:\/\/chambrealfa.com\/es\/documentos\/","title":{"rendered":"Documentos disponibles"},"content":{"rendered":"<div  class='flex_column av-azms1i-b0ade9a4b1f019e19334d8b72a546f8e av_one_full  avia-builder-el-0  el_before_av_one_half  avia-builder-el-first  first flex_column_div  '     ><section  class='av_textblock_section av-l94fsxj8-98a128000ee59164d170cbd66b2242cc '   itemscope=\"itemscope\" itemtype=\"https:\/\/schema.org\/CreativeWork\" ><div class='avia_textblock'  itemprop=\"text\" ><p style=\"text-align: center;\"><span style=\"color: #233787; font-size: 26px; font-weight: 500;\">Documentos disponibles<\/span><\/p>\n<p style=\"text-align: center;\"><span style=\"font-size: 17px;\">A continuaci\u00f3n podr\u00e1 encontrar el listado de los documentos disponibles para miembros de ALFA.<br \/>\nPara acceder a ellos por favor inscr\u00edbase<\/span> <a href=\"http:\/\/chambrealfa.com\/register\"><span style=\"color: #ef0020; font-weight: bold; font-size: 17px;\">aqu\u00ed<\/span><\/a>.<\/p>\n<\/div><\/section><\/div><div  class='flex_column av-8ml7zq-cdef0a874ec9de2dc876ad125d21344c av_one_half  avia-builder-el-2  el_after_av_one_full  el_before_av_one_half  first flex_column_div  column-top-margin'     ><section  class='av_textblock_section av-l94foe9n-289533f0217afa5c46a1020545299dfe '   itemscope=\"itemscope\" itemtype=\"https:\/\/schema.org\/CreativeWork\" ><div class='avia_textblock'  itemprop=\"text\" ><h4>Comercio exterior mipyme_Ebianchi<\/h4>\n<p>&#8220;Factores clave de \u00e9xito para el desarrollo e internacionalizaci\u00f3n de las PyME industriales argentinas&#8221; par Enrique Carlos Bianchi, publicado en <em>Comercio exterior en las MIPyME<\/em>, Universidad Andina Sim\u00f3n Bol\u00edvar, 2020<\/p>\n<p>En este art\u00edculo se identifican los factores, tanto internos como ex\u00adternos, que inciden en el de\u00adsarrollo de la capacidad de inserci\u00f3n internacional de las PyME argentinas, as\u00ed como las estrategias desarrolladas en diferentes ciclos econ\u00f3mi\u00adcos. Se sustenta en casos de peque\u00f1as y medianas empresas de sectores econ\u00f3micos, contexto de nacimiento, desarrollo empresarial y de estructura jur\u00eddica diferentes, que representan a los sectores m\u00e1s importantes de la actividad econ\u00f3mica \u2013industrial y de servicios\u2013 de la Regi\u00f3n Centro o Pampeana.<\/p>\n<\/div><\/section><br \/>\n\n<style type=\"text\/css\" data-created_by=\"avia_inline_auto\" id=\"style-css-av-7kujye-1403d2c3d94e00c034330e2c444add40\">\n#top .hr.hr-invisible.av-7kujye-1403d2c3d94e00c034330e2c444add40{\nheight:30px;\n}\n<\/style>\n<div  class='hr av-7kujye-1403d2c3d94e00c034330e2c444add40 hr-invisible  avia-builder-el-4  el_after_av_textblock  el_before_av_textblock '><span class='hr-inner '><span class=\"hr-inner-style\"><\/span><\/span><\/div><br \/>\n<section  class='av_textblock_section av-l94fomg2-2da1195df11a7621f983e23295a6f91e '   itemscope=\"itemscope\" itemtype=\"https:\/\/schema.org\/CreativeWork\" ><div class='avia_textblock'  itemprop=\"text\" ><h4>Barreras a la internacionalizaci\u00f3n de las PyMEs latinoamericanas. El modelo de los\u00a0tres cercos (2020).<\/h4>\n<p><strong><em>Por Humberto L\u00f3pez Rizzo y Florence Pinot de Villechenon<br \/>\n<\/em><\/strong><br \/>\nLos procesos de internacionalizaci\u00f3n son complejos: entre empresa y mercado de destino se yerguen barreras recurrentemente tratadas por la literatura sobre internacionalizaci\u00f3n. El art\u00edculo propone un nuevo esquema de an\u00e1lisis de barreras que integra la empresa, el mercado de origen y el mercado de destino. La investigaci\u00f3n se sustenta en 225 entrevistas de PYMES latinoamericanas y propone el \u201cmodelo de los tres cercos\u201d. Este contribuye a una comprensi\u00f3n fina de las barreras que enfrentan las PYMES en sus procesos de internacionalizaci\u00f3n, permite un diagn\u00f3stico integral de sus fragilidades y facilita el dise\u00f1o de estrategias correctivas en los tres niveles implicados.<\/p>\n<\/div><\/section><br \/>\n\n<style type=\"text\/css\" data-created_by=\"avia_inline_auto\" id=\"style-css-av-5yz08m-4519aa81c08c8384eb63540e32c52a2e\">\n#top .hr.hr-invisible.av-5yz08m-4519aa81c08c8384eb63540e32c52a2e{\nheight:30px;\n}\n<\/style>\n<div  class='hr av-5yz08m-4519aa81c08c8384eb63540e32c52a2e hr-invisible  avia-builder-el-6  el_after_av_textblock  el_before_av_textblock '><span class='hr-inner '><span class=\"hr-inner-style\"><\/span><\/span><\/div><br \/>\n<section  class='av_textblock_section av-l94fox9m-a01592590eb96454162a1fc340d1314d '   itemscope=\"itemscope\" itemtype=\"https:\/\/schema.org\/CreativeWork\" ><div class='avia_textblock'  itemprop=\"text\" ><h4>La Internacionalizaci\u00f3n de las PyMEs latinoamericanas y su proyecci\u00f3n en Europa. 2017<\/h4>\n<p><strong><em>Por Florence Pinot de Villechenon (coord.)<\/em><\/strong><br \/>\nEste estudio ha sido llevado a cabo por CERALE (Centre d\u2019\u00c9tudes et de Recherche Am\u00e9rique Latine -Europe) \u2013 ESCP Europe Business School a pedido y con el apoyo de la Fundaci\u00f3n EU-LAC y del Institut des Am\u00e9riques. Proporciona una visi\u00f3n general del proceso de internacionalizaci\u00f3n de la PyME latinoamericana y analiza las barreras que las peque\u00f1as y medianas empresas de la regi\u00f3n deben superar para acceder a los mercados internacionales y, m\u00e1s particularmente, al mercado europeo. El an\u00e1lisis se apoya sobre una muestra de 225 PyMEs de nueve pa\u00edses (Argentina, Brasil, Chile, Colombia, Costa Rica, Ecuador, M\u00e9xico, Per\u00fa y Uruguay).<\/p>\n<\/div><\/section><\/p><\/div><\/p>\n<div  class='flex_column av-4mbgom-a844a9b73a3fe290881fd2a09e44fe17 av_one_half  avia-builder-el-8  el_after_av_one_half  avia-builder-el-last  flex_column_div  column-top-margin'     ><section  class='av_textblock_section av-l94foi6k-b27404983020bbf107439cf36c3e05e6 '   itemscope=\"itemscope\" itemtype=\"https:\/\/schema.org\/CreativeWork\" ><div class='avia_textblock'  itemprop=\"text\" ><h4>Las Pymes latinoamericanas y los dispositivos de capacitaci\u00f3n y formaci\u00f3n para su internacionalizaci\u00f3n (2018)<\/h4>\n<p><strong><em>Florence Pinot de Villechenon (coord.)<\/em><\/strong><\/p>\n<p>El presente estudio aspira a trazar, a trav\u00e9s de iniciativas documentadas en nueve pa\u00edses de la regi\u00f3n, un panorama de la formaci\u00f3n universitaria y profesional enfocada en la internacionalizaci\u00f3n. Se pone el \u00e9nfasis en la importancia de estrechar el v\u00ednculo universidad-empresa y de ampliar los contenidos de formaci\u00f3n de modo tal que estos conduzcan a los empresarios a formular sus estrategias m\u00e1s all\u00e1 de sus fronteras. Tambi\u00e9n se destaca el conocimiento insuficiente de Europa por parte de los agentes econ\u00f3micos latinoamericanos y se sugieren v\u00edas para corregirlo.<\/p>\n<\/div><\/section><br \/>\n\n<style type=\"text\/css\" data-created_by=\"avia_inline_auto\" id=\"style-css-av-2s5rxy-911844208649dca2283129eb492ad3d5\">\n#top .hr.hr-invisible.av-2s5rxy-911844208649dca2283129eb492ad3d5{\nheight:30px;\n}\n<\/style>\n<div  class='hr av-2s5rxy-911844208649dca2283129eb492ad3d5 hr-invisible  avia-builder-el-10  el_after_av_textblock  el_before_av_textblock '><span class='hr-inner '><span class=\"hr-inner-style\"><\/span><\/span><\/div><br \/>\n<section  class='av_textblock_section av-l94forkq-c4c91b20938457e842f0f6c2f0965523 '   itemscope=\"itemscope\" itemtype=\"https:\/\/schema.org\/CreativeWork\" ><div class='avia_textblock'  itemprop=\"text\" ><h4>\u00bfC\u00f3mo hacer negocios con y en Europa?<\/h4>\n<p>\u00bfEst\u00e1s interesado\/a en saber c\u00f3mo hacer negocios con y en Europa?<br \/>\nESCP Business School te propone un MOOC (curso en l\u00ednea de acceso gratuito) que desarrolla 5 aspectos claves: abordar el mercado europeo, innovar en Europa, invertir en Europa, construir una cadena de valor en Europa y operar con la diversidad europea.<\/p>\n<\/div><\/section><\/p><\/div>\n","protected":false},"excerpt":{"rendered":"","protected":false},"author":2,"featured_media":0,"parent":0,"menu_order":0,"comment_status":"closed","ping_status":"closed","template":"","meta":{"footnotes":""},"class_list":["post-1094","page","type-page","status-publish","hentry"],"yoast_head":"<!-- This site is optimized with the Yoast SEO plugin v27.1.1 - https:\/\/yoast.com\/product\/yoast-seo-wordpress\/ -->\n<title>Documentos disponibles - ALFA<\/title>\n<meta name=\"robots\" content=\"index, follow, max-snippet:-1, max-image-preview:large, max-video-preview:-1\" \/>\n<link rel=\"canonical\" href=\"https:\/\/chambrealfa.com\/es\/documentos\/\" \/>\n<meta property=\"og:locale\" content=\"es_ES\" \/>\n<meta property=\"og:type\" content=\"article\" \/>\n<meta property=\"og:title\" content=\"Documentos disponibles - ALFA\" \/>\n<meta property=\"og:url\" content=\"https:\/\/chambrealfa.com\/es\/documentos\/\" \/>\n<meta property=\"og:site_name\" content=\"ALFA\" \/>\n<meta property=\"article:modified_time\" content=\"2023-06-14T00:00:49+00:00\" \/>\n<meta name=\"twitter:card\" content=\"summary_large_image\" \/>\n<meta name=\"twitter:label1\" content=\"Tiempo de lectura\" \/>\n\t<meta name=\"twitter:data1\" content=\"6 minutos\" \/>\n<script type=\"application\/ld+json\" class=\"yoast-schema-graph\">{\"@context\":\"https:\/\/schema.org\",\"@graph\":[{\"@type\":\"WebPage\",\"@id\":\"https:\/\/chambrealfa.com\/es\/documentos\/\",\"url\":\"https:\/\/chambrealfa.com\/es\/documentos\/\",\"name\":\"Documentos disponibles - ALFA\",\"isPartOf\":{\"@id\":\"https:\/\/chambrealfa.com\/es\/#website\"},\"datePublished\":\"2022-10-11T16:48:26+00:00\",\"dateModified\":\"2023-06-14T00:00:49+00:00\",\"breadcrumb\":{\"@id\":\"https:\/\/chambrealfa.com\/es\/documentos\/#breadcrumb\"},\"inLanguage\":\"es\",\"potentialAction\":[{\"@type\":\"ReadAction\",\"target\":[\"https:\/\/chambrealfa.com\/es\/documentos\/\"]}]},{\"@type\":\"BreadcrumbList\",\"@id\":\"https:\/\/chambrealfa.com\/es\/documentos\/#breadcrumb\",\"itemListElement\":[{\"@type\":\"ListItem\",\"position\":1,\"name\":\"Portada\",\"item\":\"https:\/\/chambrealfa.com\/es\/\"},{\"@type\":\"ListItem\",\"position\":2,\"name\":\"Documentos disponibles\"}]},{\"@type\":\"WebSite\",\"@id\":\"https:\/\/chambrealfa.com\/es\/#website\",\"url\":\"https:\/\/chambrealfa.com\/es\/\",\"name\":\"ALFA\",\"description\":\"Business Forum Argentine France\",\"potentialAction\":[{\"@type\":\"SearchAction\",\"target\":{\"@type\":\"EntryPoint\",\"urlTemplate\":\"https:\/\/chambrealfa.com\/es\/?s={search_term_string}\"},\"query-input\":{\"@type\":\"PropertyValueSpecification\",\"valueRequired\":true,\"valueName\":\"search_term_string\"}}],\"inLanguage\":\"es\"}]}<\/script>\n<!-- \/ Yoast SEO plugin. -->","yoast_head_json":{"title":"Documentos disponibles - ALFA","robots":{"index":"index","follow":"follow","max-snippet":"max-snippet:-1","max-image-preview":"max-image-preview:large","max-video-preview":"max-video-preview:-1"},"canonical":"https:\/\/chambrealfa.com\/es\/documentos\/","og_locale":"es_ES","og_type":"article","og_title":"Documentos disponibles - ALFA","og_url":"https:\/\/chambrealfa.com\/es\/documentos\/","og_site_name":"ALFA","article_modified_time":"2023-06-14T00:00:49+00:00","twitter_card":"summary_large_image","twitter_misc":{"Tiempo de lectura":"6 minutos"},"schema":{"@context":"https:\/\/schema.org","@graph":[{"@type":"WebPage","@id":"https:\/\/chambrealfa.com\/es\/documentos\/","url":"https:\/\/chambrealfa.com\/es\/documentos\/","name":"Documentos disponibles - ALFA","isPartOf":{"@id":"https:\/\/chambrealfa.com\/es\/#website"},"datePublished":"2022-10-11T16:48:26+00:00","dateModified":"2023-06-14T00:00:49+00:00","breadcrumb":{"@id":"https:\/\/chambrealfa.com\/es\/documentos\/#breadcrumb"},"inLanguage":"es","potentialAction":[{"@type":"ReadAction","target":["https:\/\/chambrealfa.com\/es\/documentos\/"]}]},{"@type":"BreadcrumbList","@id":"https:\/\/chambrealfa.com\/es\/documentos\/#breadcrumb","itemListElement":[{"@type":"ListItem","position":1,"name":"Portada","item":"https:\/\/chambrealfa.com\/es\/"},{"@type":"ListItem","position":2,"name":"Documentos disponibles"}]},{"@type":"WebSite","@id":"https:\/\/chambrealfa.com\/es\/#website","url":"https:\/\/chambrealfa.com\/es\/","name":"ALFA","description":"Business Forum Argentine France","potentialAction":[{"@type":"SearchAction","target":{"@type":"EntryPoint","urlTemplate":"https:\/\/chambrealfa.com\/es\/?s={search_term_string}"},"query-input":{"@type":"PropertyValueSpecification","valueRequired":true,"valueName":"search_term_string"}}],"inLanguage":"es"}]}},"publishpress_future_action":{"enabled":false,"date":"2026-05-06 17:24:51","action":"change-status","newStatus":"draft","terms":[],"taxonomy":"translation_priority","extraData":[]},"publishpress_future_workflow_manual_trigger":{"enabledWorkflows":[]},"_links":{"self":[{"href":"https:\/\/chambrealfa.com\/es\/wp-json\/wp\/v2\/pages\/1094","targetHints":{"allow":["GET"]}}],"collection":[{"href":"https:\/\/chambrealfa.com\/es\/wp-json\/wp\/v2\/pages"}],"about":[{"href":"https:\/\/chambrealfa.com\/es\/wp-json\/wp\/v2\/types\/page"}],"author":[{"embeddable":true,"href":"https:\/\/chambrealfa.com\/es\/wp-json\/wp\/v2\/users\/2"}],"replies":[{"embeddable":true,"href":"https:\/\/chambrealfa.com\/es\/wp-json\/wp\/v2\/comments?post=1094"}],"version-history":[{"count":6,"href":"https:\/\/chambrealfa.com\/es\/wp-json\/wp\/v2\/pages\/1094\/revisions"}],"predecessor-version":[{"id":1631,"href":"https:\/\/chambrealfa.com\/es\/wp-json\/wp\/v2\/pages\/1094\/revisions\/1631"}],"wp:attachment":[{"href":"https:\/\/chambrealfa.com\/es\/wp-json\/wp\/v2\/media?parent=1094"}],"curies":[{"name":"wp","href":"https:\/\/api.w.org\/{rel}","templated":true}]}}

<div  class='flex_column av-azms1i-b0ade9a4b1f019e19334d8b72a546f8e av_one_full  avia-builder-el-0  el_before_av_one_half  avia-builder-el-first  first flex_column_div  '     ><section  class='av_textblock_section av-l94fsxj8-98a128000ee59164d170cbd66b2242cc '   itemscope="itemscope" itemtype="https://schema.org/CreativeWork" ><div class='avia_textblock'  itemprop="text" ><p style="text-align: center;"><span style="color: #233787; font-size: 26px; font-weight: 500;">Documentos disponibles</span></p>
<p style="text-align: center;"><span style="font-size: 17px;">A continuación podrá encontrar el listado de los documentos disponibles para miembros de ALFA.<br />
Para acceder a ellos por favor inscríbase</span> <a href="http://chambrealfa.com/register"><span style="color: #ef0020; font-weight: bold; font-size: 17px;">aquí</span></a>.</p>
</div></section></div><div  class='flex_column av-8ml7zq-cdef0a874ec9de2dc876ad125d21344c av_one_half  avia-builder-el-2  el_after_av_one_full  el_before_av_one_half  first flex_column_div  column-top-margin'     ><section  class='av_textblock_section av-l94foe9n-289533f0217afa5c46a1020545299dfe '   itemscope="itemscope" itemtype="https://schema.org/CreativeWork" ><div class='avia_textblock'  itemprop="text" ><h4>Comercio exterior mipyme_Ebianchi</h4>
<p>&#8220;Factores clave de éxito para el desarrollo e internacionalización de las PyME industriales argentinas&#8221; par Enrique Carlos Bianchi, publicado en <em>Comercio exterior en las MIPyME</em>, Universidad Andina Simón Bolívar, 2020</p>
<p>En este artículo se identifican los factores, tanto internos como ex­ternos, que inciden en el de­sarrollo de la capacidad de inserción internacional de las PyME argentinas, así como las estrategias desarrolladas en diferentes ciclos económi­cos. Se sustenta en casos de pequeñas y medianas empresas de sectores económicos, contexto de nacimiento, desarrollo empresarial y de estructura jurídica diferentes, que representan a los sectores más importantes de la actividad económica –industrial y de servicios– de la Región Centro o Pampeana.</p>
</div></section><br />

<style type="text/css" data-created_by="avia_inline_auto" id="style-css-av-7kujye-1403d2c3d94e00c034330e2c444add40">
#top .hr.hr-invisible.av-7kujye-1403d2c3d94e00c034330e2c444add40{
height:30px;
}
</style>
<div  class='hr av-7kujye-1403d2c3d94e00c034330e2c444add40 hr-invisible  avia-builder-el-4  el_after_av_textblock  el_before_av_textblock '><span class='hr-inner '><span class="hr-inner-style"></span></span></div><br />
<section  class='av_textblock_section av-l94fomg2-2da1195df11a7621f983e23295a6f91e '   itemscope="itemscope" itemtype="https://schema.org/CreativeWork" ><div class='avia_textblock'  itemprop="text" ><h4>Barreras a la internacionalización de las PyMEs latinoamericanas. El modelo de los tres cercos (2020).</h4>
<p><strong><em>Por Humberto López Rizzo y Florence Pinot de Villechenon<br />
</em></strong><br />
Los procesos de internacionalización son complejos: entre empresa y mercado de destino se yerguen barreras recurrentemente tratadas por la literatura sobre internacionalización. El artículo propone un nuevo esquema de análisis de barreras que integra la empresa, el mercado de origen y el mercado de destino. La investigación se sustenta en 225 entrevistas de PYMES latinoamericanas y propone el “modelo de los tres cercos”. Este contribuye a una comprensión fina de las barreras que enfrentan las PYMES en sus procesos de internacionalización, permite un diagnóstico integral de sus fragilidades y facilita el diseño de estrategias correctivas en los tres niveles implicados.</p>
</div></section><br />

<style type="text/css" data-created_by="avia_inline_auto" id="style-css-av-5yz08m-4519aa81c08c8384eb63540e32c52a2e">
#top .hr.hr-invisible.av-5yz08m-4519aa81c08c8384eb63540e32c52a2e{
height:30px;
}
</style>
<div  class='hr av-5yz08m-4519aa81c08c8384eb63540e32c52a2e hr-invisible  avia-builder-el-6  el_after_av_textblock  el_before_av_textblock '><span class='hr-inner '><span class="hr-inner-style"></span></span></div><br />
<section  class='av_textblock_section av-l94fox9m-a01592590eb96454162a1fc340d1314d '   itemscope="itemscope" itemtype="https://schema.org/CreativeWork" ><div class='avia_textblock'  itemprop="text" ><h4>La Internacionalización de las PyMEs latinoamericanas y su proyección en Europa. 2017</h4>
<p><strong><em>Por Florence Pinot de Villechenon (coord.)</em></strong><br />
Este estudio ha sido llevado a cabo por CERALE (Centre d’Études et de Recherche Amérique Latine -Europe) – ESCP Europe Business School a pedido y con el apoyo de la Fundación EU-LAC y del Institut des Amériques. Proporciona una visión general del proceso de internacionalización de la PyME latinoamericana y analiza las barreras que las pequeñas y medianas empresas de la región deben superar para acceder a los mercados internacionales y, más particularmente, al mercado europeo. El análisis se apoya sobre una muestra de 225 PyMEs de nueve países (Argentina, Brasil, Chile, Colombia, Costa Rica, Ecuador, México, Perú y Uruguay).</p>
</div></section></p></div></p>
<div  class='flex_column av-4mbgom-a844a9b73a3fe290881fd2a09e44fe17 av_one_half  avia-builder-el-8  el_after_av_one_half  avia-builder-el-last  flex_column_div  column-top-margin'     ><section  class='av_textblock_section av-l94foi6k-b27404983020bbf107439cf36c3e05e6 '   itemscope="itemscope" itemtype="https://schema.org/CreativeWork" ><div class='avia_textblock'  itemprop="text" ><h4>Las Pymes latinoamericanas y los dispositivos de capacitación y formación para su internacionalización (2018)</h4>
<p><strong><em>Florence Pinot de Villechenon (coord.)</em></strong></p>
<p>El presente estudio aspira a trazar, a través de iniciativas documentadas en nueve países de la región, un panorama de la formación universitaria y profesional enfocada en la internacionalización. Se pone el énfasis en la importancia de estrechar el vínculo universidad-empresa y de ampliar los contenidos de formación de modo tal que estos conduzcan a los empresarios a formular sus estrategias más allá de sus fronteras. También se destaca el conocimiento insuficiente de Europa por parte de los agentes económicos latinoamericanos y se sugieren vías para corregirlo.</p>
</div></section><br />

<style type="text/css" data-created_by="avia_inline_auto" id="style-css-av-2s5rxy-911844208649dca2283129eb492ad3d5">
#top .hr.hr-invisible.av-2s5rxy-911844208649dca2283129eb492ad3d5{
height:30px;
}
</style>
<div  class='hr av-2s5rxy-911844208649dca2283129eb492ad3d5 hr-invisible  avia-builder-el-10  el_after_av_textblock  el_before_av_textblock '><span class='hr-inner '><span class="hr-inner-style"></span></span></div><br />
<section  class='av_textblock_section av-l94forkq-c4c91b20938457e842f0f6c2f0965523 '   itemscope="itemscope" itemtype="https://schema.org/CreativeWork" ><div class='avia_textblock'  itemprop="text" ><h4>¿Cómo hacer negocios con y en Europa?</h4>
<p>¿Estás interesado/a en saber cómo hacer negocios con y en Europa?<br />
ESCP Business School te propone un MOOC (curso en línea de acceso gratuito) que desarrolla 5 aspectos claves: abordar el mercado europeo, innovar en Europa, invertir en Europa, construir una cadena de valor en Europa y operar con la diversidad europea.</p>
</div></section></p></div>
